0 (base 2) to base 16
3fcd24
-648268 (base 12) to base 8
-6041560
What is -297b1 (base 16) in base 11?
-10671a
-ca70b (base 16) to base 3
-1120010102221
-102010210201 (base 3) to base 5
-24004121
-2a47a2 (base 15) to base 10
-2040227
Convert 5523425 (base 6) to base 16.
43469
Convert -16561 (base 16) to base 8.
-262541
What is -af8d (base 16) in base 12?
-22011
What is 120860 (base 10) in base 14?
3208c
What is 122120220 (base 3) in base 14?
495c
-964590 (base 12) to base 16
-24303c
Convert -111011110011110010001 (base 2) to base 12.
-7a61a9
What is -223413101 (base 5) in base 12?
-4015a5
-444150 (base 6) to base 14
-d7c6
-1120203 (base 5) to base 8
-47125
-10111011010001 (base 2) to base 4
-2323101
Convert -102011020313 (base 4) to base 6.
-245330435
What is -68405 (base 9) in base 13?
-17951
Convert -16073 (base 13) to base 4.
-22031231
What is -2549c (base 16) in base 11?
-a4828
What is 2336b (base 12) in base 9?
71632
What is -21022200121 (base 3) in base 12?
-6b497
What is 1d244 (base 15) in base 7?
544003
What is -ba653 (base 12) in base 15?
-4cea3
-32a281 (base 15) to base 14
-46b8ac
Convert 32026106 (base 7) to base 6.
134051242
-448a7a (base 11) to base 15
-e1b78
Convert 2b6b0 (base 12) to base 10.
61476
-110011222100 (base 3) to base 7
-2016123
Convert 350893 (base 11) to base 15.
b026d
Convert -18837 (base 15) to base 14.
-20d6d
What is -15457 (base 9) in base 13?
-4a80
-1111001111001011111011 (base 2) to base 12
-1407677
What is -100111010010111011000100 (base 2) in base 4?
-213102323010
-11011101110000001111 (base 2) to base 10
-908303
What is 6957b (base 12) in base 4?
202113233
-5a030 (base 12) to base 10
-120996
Convert -3211441 (base 5) to base 14.
-1596c
Convert -1105401 (base 6) to base 4.
-31211221
Convert -152c4 (base 15) to base 16.
-10a26
What is 476544 (base 9) in base 12?
11a07a
b1391b (base 16) to base 8
54234433
Convert 416502 (base 8) to base 3.
21001001221
65126 (base 11) to base 8
270672
3367392 (base 10) to base 7
40423320
201201002021 (base 3) to base 5
44403024
Convert -303ca (base 14) to base 8.
-342456
What is 254b367 (base 12) in base 4?
123322300333
What is -404521 (base 8) in base 6?
-2505505
3220101313 (base 4) to base 5
220421130
Convert 12271742 (base 9) to base 6.
332501402
Convert d871 (base 16) to base 4.
31201301
Convert 126665 (base 15) to base 2.
11010111011010010000
-923c (base 15) to base 3
-1120100210
Convert -212d9 (base 14) to base 3.
-11001221212
Convert -101000010010100111011100 (base 2) to base 14.
-158d1b6
Convert 26164003 (base 7) to base 16.
2466a0
What is 1050505231 (base 6) in base 8?
53736763
212111210010 (base 3) to base 4
1300332210
What is -440334 (base 9) in base 4?
-1000020322
What is -127374 (base 10) in base 13?
-45c90
-22932 (base 15) to base 3
-12120222202
1563 (base 15) to base 6
33133
300302404 (base 5) to base 2
100100000011110100100
-21020001210 (base 3) to base 8
-425573
-7451 (base 8) to base 13
-19c7
What is -11210100012210 (base 3) in base 9?
-4710183
-100001010100100000 (base 2) to base 15
-2a68a
1424032330 (base 5) to base 16
39040e
Convert -30564 (base 14) to base 9.
-186500
What is -3010013143 (base 5) in base 14?
-b082a0
1121201110 (base 3) to base 7
161631
What is 32432341 (base 5) in base 2?
1000100011100011010
Convert 72257 (base 13) to base 3.
101101211122
-ea175 (base 16) to base 6
-32315021
What is -20123 (base 4) in base 15?
-25e
232255043 (base 6) to base 11
2488324
12221201022 (base 3) to base 15
24aab
154014244 (base 6) to base 3
20011001002201
385488 (base 11) to base 8
2242434
Convert 14057375 (base 8) to base 10.
3170045
Convert 88bcb5 (base 13) to base 10.
3225175
-4220b (base 13) to base 16
-1d0cb
What is -11210322 (base 5) in base 3?
-12010011002
Convert -50642076 (base 8) to base 12.
-3700052
Convert 2547827 (base 12) to base 9.
14674584
17407444 (base 8) to base 4
33200330210
What is -223001021 (base 4) in base 6?
-3435425
What is -a84260 (base 11) in base 8?
-6471226
What is 2370a8 (base 11) in base 15?
763aa
What is 4442245 (base 7) in base 14?
103b25
What is -733127 (base 11) in base 6?
-41105435
Convert 11003002121 (base 4) to base 14.
2662b7
What is 7e0b3d (base 15) in base 14?
b2c576
What is 557134 (base 8) in base 10?
187996
Convert 4705463 (base 12) to base 13.
2ab66a6
What is 1720e (base 16) in base 6?
2010330
Convert -1548546 (base 11) to base 2.
-1010000110001010011011
Convert -11366 (base 14) to base 3.
-2010101120
Convert -69276 (base 11) to base 14.
-286d8
-27974 (base 11) to base 16
-9b59
-141324031 (base 5) to base 3
-1101002020000
What is 2372374 (base 8) in base 5?
131340130
Convert -13530525 (base 6) to base 8.
-1610025
Convert b8103a (base 12) to base 5.
1220423224
Convert 1273d9 (base 15) to base 11.
555013
18a5d28 (base 14) to base 12
411b068
What is -55bb6 (base 14) in base 9?
-346430
What is -93279 (base 11) in base 3?
-20220200101
-50616 (base 13) to base 4
-203013132
-d21e92 (base 15) to base 4
-212010132023
22108866 (base 9) to base 14
15c5545
Convert -21152410 (base 6) to base 9.
-1146316
Convert -222423303 (base 5) to base 2.
-11101111111110101001
116427 (base 8) to base 16
9d17
Convert -13419043 (base 10) to base 13.
-2a1ab81
-aca2b7 (base 14) to base 12
-1b6b475
What is -541565 (base 7) in base 6?
-2004242
What is -3035112 (base 7) in base 5?
-43040143
What is 25631 (base 13) in base 9?
114775
What is 7b0014 (base 12) in base 2?
111100000111100010000
-d48c (base 14) to base 15
-ac8a
-3132330233 (base 4) to base 7
-10522250
What is 1b0dc (base 16) in base 15?
22c77
-a5091 (base 13) to base 16
-48709
-16c044 (base 16) to base 4
-11230001010
Convert 1213230220 (base 4) to base 3.
210120122021
What is 132013301 (base 4) in base 9?
207215
Convert 339032 (base 10) to base 16.
52c58
Convert 111554021 (base 6) to base 10.
2052445
Convert -221022 (base 11) to base 12.
-15016b
What is -5ef98 (base 16) in base 13?
-1080b4
What is -6826 (base 12) in base 14?
-42d0
What is 22012323220 (base 4) in base 10?
2649832
-3143505 (base 7) to base 8
-1347335
11210122212 (base 3) to base 7
542402
What is 188753 (base 9) in base 15?
24e59
What is -10041030 (base 5) in base 15?
-18de5
What is -513301 (base 16) in base 4?
-110103030001
What is 1317bb (base 13) in base 7?
3625411
Convert 2310067 (base 9) to base 11.
78169a
220020202202 (base 3) to base 5
110233301
What is -1397351 (base 10) in base 12?
-57479b
-4887 (base 15) to base 10
-15427
What is 15a3 (base 12) in base 11?
1a28
-68caed (base 15) to base 16
-4c5bbf
Convert -121656 (base 12) to base 11.
-19011a
Convert -57634 (base 15) to base 11.
-17aa83
What is 1082604 (base 10) in base 16?
1084ec
-2484627 (base 9) to base 6
-45013041
What is -1489b13 (base 12) in base 4?
-33320223333
-4b157 (base 12) to base 9
-165124
Convert -101010001001111001001 (base 2) to base 14.
-27d57b
Convert -43540 (base 8) to base 9.
-27052
Convert -60bb92 (base 12) to base 11.
-944296
What is -117518b (base 14) in base 11?
-4793792
What is -7b8a2b (base 13) in base 5?
-1222320100
-143220403 (base 5) to base 10
-757603
-22330231 (base 4) to base 6
-543341
What is 202001120100011 (base 3) in base 2?
101000101010011101100101
-4bc004 (base 15) to base 16
-3776bf
15f41 (base 16) to base 15
1b99b
2433202 (base 6) to base 8
374002
What is -16364 (base 8) in base 12?
-4358
What is 1f55 (base 16) in base 4?
1331111
Convert 22112011102102 (base 3) to base 9.
8464372
-5522524 (base 6) to base 16
-433b4
What is -1a7505 (base 14) in base 5?
-220122202
What is 12f76 (base 16) in base 2?
10010111101110110
11101001100001010000001 (base 2) to base 16
74c281
What is -221010011011 (base 3) in base 4?
-1320230212
What is -ee82e (base 15) in base 8?
-2710124
Convert 113123322 (base 5) to base 8.
1770416
20023212 (base 5) to base 15
31bdc
-231211121 (base 4) to base 11
-11830a
-1100001101110101100 (base 2) to base 5
-100302200
-10000101111110001 (base 2) to base 16
-10bf1
What is bc33 (base 15) in base 7?
224151
1111101110111101010 (base 2) to base 11
322393
Convert e5b (base 15) to base 12.
1a58
What is -8314 (base 11) in base 8?
-25422
Convert -186205 (base 14) to base 15.
-120628
-2006145 (base 7) to base 16
-39f7e
What is 35447208 (base 9) in base 8?
101711741
-35134335 (base 7) to base 9
-5721033
Convert 133cad (base 